 = 2080 + p. What is the units digit of g?
3
Let g = -47337 + 71327. What is the hundreds digit of g?
9
Let p be 72/36*(-2099)/(-2). Suppose h + f = 285 + 242, 4*h + f - p = 0. What is the units digit of h?
4
Let y(b) = -b**3 + 8*b**2 + 38*b - 6. Suppose -d - 158 = -28. Let w = -120 - d. What is the tens digit of y(w)?
7
Suppose 4*i + 0*i = 48. Let b be 2 + 28/i + 2/3. Suppose 226 = -0*f + 2*f - b*s, 0 = 4*f - 2*s - 468. What is the hundreds digit of f?
1
Let f = 33 + -30. Suppose -i = f*i - 4*r - 28, 3*i + 2*r - 26 = 0. Let y = 81 - i. What is the units digit of y?
3
Suppose 9*j + 4890 = 4*j + 5*h, -4*j + 5*h = 3908. Let g = 1460 + j. What is the tens digit of g?
7
Suppose 8*d - 84631 = 1452 + 36405. What is the ten thousands digit of d?
1
What is the hundreds digit of ((-506)/110)/(-23) - (-1)/(5/124524)?
9
Let h = -3889 - -2753. Let w = h - -2530. What is the tens digit of w?
9
Let b = -72 + 80. Suppose 0 = b*j - 9*j. Suppose -s + 0 + 8 = j. What is the units digit of s?
8
Let w(h) = -30*h - 13. Let s be (-4 - 4) + -4 + 1 + 3. What is the units digit of w(s)?
7
What is the units digit of (89 - -51)*77/4?
5
Suppose c = -7*u + 3*u + 1857, -1875 = -4*u + 5*c. Let y = u - 201. What is the units digit of y?
4
Suppose -2*z = -p - 5, -8*p = -3*p - 15. Suppose -5*g + z*b - 47 + 195 = 0, -18 = -g - 5*b. Let a = g - -14. What is the units digit of a?
2
Suppose -6*u - 790 = 4*u. Let t = -72 - u. Suppose -3*l = -v + 10, 8*l = 3*v + t*l - 54. What is the tens digit of v?
1
Let j(s) = 78*s**2 + 5*s + 32. Let x be j(-4). Suppose -11*y - 630 = -12*y - 3*l, -5*l = -2*y + x. What is the units digit of y?
0
Suppose -4*o + 612 = 5*o. Let v = 86 - o. Suppose 23*r - v*r - 430 = 0. What is the units digit of r?
6
Let d(v) = 10*v**2 + 3*v - 22. Let c be d(-5). Let k = c + -97. What is the hundreds digit of k?
1
Let o(x) = -20 + 406*x - 18 - 409*x. Let j be o(-14). Suppose j*u - 1992 = -8*u. What is the hundreds digit of u?
1
What is the thousands digit of (-18065)/(-2) + 9/(-1 - -37)*-2?
9
Let o be (8 + -9)*-3*1. Suppose -3*y - 297 = -3*x, -o*x = y + 130 - 415. What is the tens digit of x?
9
Let g(l) be the third derivative of 7*l**5/60 + 7*l**4/12 - 22*l**2. Let u be g(-12). Suppose 0 = -5*s, -2*h - 3*h - 3*s = -u. What is the tens digit of h?
6
Suppose 3*c + 5*z - 433 = -0*z, -3*z = 2*c - 288. Suppose 3*d + c = 2*u, u + d = 92 - 24. What is the tens digit of u?
6
Let q(w) be the second derivative of w**3/6 + 815*w**2/2 + 37*w. Let n be q(0). Suppose 2*o - 7*o = 5*t - n, 0 = o - 3. What is the units digit of t?
0
Let b = 19130 - 8165. What is the thousands digit of b?
0
Let i = 96 - 97. Let o be (2/4*0)/(i - -2). Suppose -4*t = 2*m - 78, o*t - 4*t - 12 = 0. What is the tens digit of m?
4
Suppose 8*f = 3*f + 5*z + 30, -3*f + 10 = -z. What is the tens digit of ((-21)/12 + 3)/(f/88)?
5
Suppose 49*d + 30 = 44*d, -2*m + 44376 = -d. What is the units digit of m?
5
Let q(u) = -72*u - 145. Let b be q(-2). Let n = 5 + 7. What is the units digit of ((-270)/36)/((-13)/n - b)?
0
Let w(k) = -k**2 - 4*k - 13. Let l be w(-6). Let p(q) = q**2 + 9*q - 85. What is the tens digit of p(l)?
1
Let j(p) = 230*p**2 - 86*p + 17. What is the hundreds digit of j(4)?
3
Let n = -720 - -729. Let b(p) = 174*p - 81. What is the thousands digit of b(n)?
1
Let o(p) = 11 - 2 - 8 - 65*p + 21. What is the units digit of o(-5)?
7
Let m be ((-23)/(-69))/(1/(-3)). What is the tens digit of m*1245/((-15)/5)?
1
Let s(y) = 6*y**2 - 106*y - 141. What is the hundreds digit of s(-20)?
3
Let u = -74 + 103. Suppose 23 = 2*o + g + 6, 2*o - 3*g = u. What is the units digit of o?
0
Let j be 1*-1*(18 + -34). Suppose 5*c = j - 1. What is the units digit of 34/c - 10/(-6)?
3
Let z(m) = -3*m + 3 + 1 - 5 - m**2 + 8. Let i be z(-3). Suppose 68 = i*j - 191. What is the units digit of j?
7
Let s be (-6)/(24/(-10))*2. Suppose 400 = s*o - 4*v, -o + 80 = -0*o - 2*v. Suppose d + o = 3*d. What is the units digit of d?
0
Let y = 12366 + 24578. What is the ten thousands digit of y?
3
Suppose 13*x = -x - 7266. Let y = -115 - x. What is the hundreds digit of y?
4
Suppose -2*b = x - 91, 31 = b + 2*x - 7. What is the units digit of b?
8
Suppose -10*t = 6 - 6. Suppose -30*m + 32*m + 40 = t. Let q = m + 233. What is the hundreds digit of q?
2
Suppose 8*a = -3*a + 10076. Let b = a - 648. What is the hundreds digit of b?
2
Suppose -47642 - 712885 = -114*t + 458247. What is the ten thousands digit of t?
1
Let i = -12736 + 22528. What is the tens digit of i?
9
Let w = 1457 + 26356. What is the units digit of w?
3
What is the thousands digit of ((-7)/(-2))/(-7) - (-213252)/24?
8
Let n = 25015 - 14886. What is the tens digit of n?
2
Let a = 44 - 209. Let w = a + 123. Let c = -14 - w. What is the tens digit of c?
2
Suppose 6*c - 4*c = 98. Suppose 5 = c*m - 44*m. What is the tens digit of -1*(-97 + (-4)/1) + m?
0
Let l = 45014 - 23203. What is the tens digit of l?
1
Suppose -2675 - 535 = -10*a. Let n = 269 + a. What is the units digit of n?
0
What is the tens digit of (-5770)/(-6) + (-6)/(-18) + (-20)/(-4)?
6
Let x(o) = o**3 - 3*o**2 + 4*o + 25. Let y(i) = -14*i - 49. Let z be y(-4). What is the hundreds digit of x(z)?
2
Suppose t + 2*t = 5*w - 10, 4*w - 4*t - 8 = 0. Suppose -a = w*z - 371, 2*z - 307 = 3*a + 68. Suppose -z = 15*x - 1026. What is the tens digit of x?
5
Suppose -422219 - 157897 - 958644 = -40*k. What is the ten thousands digit of k?
3
Suppose 11*f + 426 = -1477. Let l = f + 1604. What is the units digit of l?
1
Let f(i) = 3389*i + 120. What is the units digit of f(2)?
8
What is the thousands digit of (22*-2560)/(-10) - 5?
5
Suppose -3*a = 5*t - 60809, 0 = 314*t - 313*t - 4. What is the ten thousands digit of a?
2
Let m = 142 - 143. What is the hundreds digit of (-1089 + -3 + 5)*m?
0
What is the units digit of 21 - -1 - 1189125/(-125)?
5
Let w(o) = 11*o - 94. Let d be w(9). Suppose -557 = -3*p + 2*u, u + 266 = d*p - 660. What is the units digit of p?
5
Let x(p) = -40*p. Let n be x(-1). Let a be (-16)/n + 212/5. Let q = -36 + a. What is the units digit of q?
6
Suppose 51*j = -47*j + 2766050. What is the ten thousands digit of j?
2
Let x(t) = t**2 - 14*t - 13. Let p be x(15). Let n be (p + -4)/((-2)/3) - 0. Suppose 0 + 4 = 4*s, 239 = 2*i - n*s. What is the hundreds digit of i?
1
Suppose 4*v - 3*r = 5*v - 186, -5*v + r + 866 = 0. Suppose -4*i - v = -810. What is the tens digit of i?
5
Suppose 114*f - 79*f = 946680. What is the hundreds digit of f?
0
Suppose 5*i + 39 = -86. Let w = 33 + i. What is the units digit of 1*4 + w + 33?
5
Suppose 38*m - 35*m = u + 9, -m - 3*u = -23. Suppose -3*h + 7 = 1. Suppose -a = h*a - 6, -m*o + 723 = 4*a. What is the tens digit of o?
4
Let z(j) = 4257*j + 3523. What is the tens digit of z(5)?
0
What is the tens digit of 424/12*18258/68?
8
Let l(b) = b**2 - 21*b + 68. Let r be l(17). Let m = -9 + 11. Suppose -m*a + p + 210 = 0, -5*a - p + r*p + 532 = 0. What is the hundreds digit of a?
1
Suppose 0 = -i + 9 - 21. Let p(x) = 22*x + 12. Let d be p(0). What is the tens digit of i/(-2)*66/d?
3
Let x be 56/32 - (-1)/4. Suppose 5*o = -3*i + 86, -o - x*o = 2*i - 57. Let r = i - -17. What is the tens digit of r?
4
Let q be ((5/3)/(-1))/((-10)/12). Let n(f) = -16 + 3*f**2 - 34 + q*f - 13*f + 21*f. What is the tens digit of n(-11)?
0
Suppose -2173 = -9*x - 8464. Let t = -86 - x. What is the hundreds digit of t?
6
Let h(n) = -1958*n**3 + 4*n**2 + 5*n. Let b be h(-1). Let m = -1042 + b. What is the units digit of m?
5
Let k be ((-16)/5*6)/((-47)/1410). Suppose 4594 = 7*n + k. What is the units digit of n?
4
Let p be (-1)/8 + (-272)/(-128). Suppose 2 + 7 = x - 3*s, p*s = -4*x + 8. Suppose 82 = w + x*z, -8*z + 3*z + 163 = 2*w. What is the units digit of w?
9
Let i be 1/5 + 12948/(-65). Let n = 305 + i. What is the tens digit of n?
0
Let c be 16/72 + 39020/18. Let b = c - 1116. What is the thousands digit of b?
1
Suppose 3*k + 5*z - 85947 = 0, 7*k + 90*z - 200474 = 86*z. What is the tens digit of k?
3
Suppose -37 = 4*z - 13. Let j = z + 3. Let t(g) = g**2 + 4*g + 4. What is the units digit of t(j)?
1
Let a = -50 + 54. Suppose 2*q + 16 = a*b + 6*q, 0 = 2*b + 4*q - 12. Suppose b*n = -w + 42, -7*w + 2*w - 2*n = -194. What is the units digit of w?
8
Suppose g = 396*w - 394*w - 7232, 0 = -4*w + 4*g + 14464. What is t